ppose -l = -3*c - 2*c - 1600, -c - 6381 = -q*l. What is the tens digit of l?
9
What is the thousands digit of (-142785)/(-133) + 4/(-7) + 6?
1
Suppose -7 - 59 = 6*u. What is the tens digit of (-3958)/u + 12/198*3?
6
Let n = -26925 + 27022. Suppose 2*w + 0*w - 4 = 0. Suppose w*x = -n + 555. What is the units digit of x?
9
Suppose 3*u - 81 = -j - 0*j, 0 = 3*j - u - 193. Suppose z = j + 66. What is the units digit of z?
2
Let z(q) = q**3 + 7*q**2 - 10*q + 22. Let g be (10/4)/((-25)/(-50)). Suppose 0 = w + g + 2. What is the tens digit of z(w)?
9
Let q be ((-14)/6 - 3)*6/(-4). Suppose 12 = q*w - 4*w. Suppose 5*i - w = -4*t + 151, 5*t - i = 178. What is the units digit of t?
6
Let d(p) = 57*p**3 - p**2 - 4. Let f be d(3). Suppose f = 10*z - 3*z. Suppose -160 = -6*c + z. What is the units digit of c?
3
Suppose -21 = -13*p + 5. Suppose u - 3*u + 5*j + 1263 = 0, p*u = 2*j + 1248. What is the units digit of u?
9
Let m(n) = 3*n + 3*n**2 + 0 + 2 - n - 3. Let d be m(1). Suppose 3*s = -5*w + 707, -5*s = -d*w - s + 572. What is the units digit of w?
2
Let h(n) = 14*n**2 - 3*n. Let u(q) = q + 1. Let c be u(3). Suppose 2*t - 4 = c*m + 6*t, -2*m = -2*t - 10. What is the tens digit of h(m)?
5
Let h = 12 - 218. What is the tens digit of 1 - 0 - h - 4?
0
Suppose 5*l + 25 - 4 = 4*t, 4*t - 13 = -3*l. Suppose o + o - t = 0. Let c(m) = 3*m**2 - 5*m + 1. What is the units digit of c(o)?
3
Suppose t = -5, 4*x - 3*t - 107881 - 65014 = 0. What is the thousands digit of x?
3
Let i(v) = v**3 + 11*v**2 - v - 26. Let t be i(-11). Let u be ((-80)/t - 5) + 23/3. Suppose -17 = -g - u. What is the units digit of g?
9
Suppose 2*y = -5*n - 24, -y + 2*y = 4*n + 14. What is the units digit of y - (-1 + -7 + -1164)?
0
Let m(a) = -3*a**3 + 4*a**2 - a + 23. Let g be m(7). Let k = -536 - g. What is the tens digit of k?
8
Suppose -982 + 1034 = 2*t. Let j(c) = 2*c**2 - 49*c - 51. What is the tens digit of j(t)?
2
Let p(m) = m**2 - 6*m + 7. Let d be p(5). Suppose d*f + 36 = 456. What is the hundreds digit of f?
2
Suppose -i = 4*t - 2946, -4*i + 5*t = 9*t - 11856. What is the thousands digit of i?
2
Suppose 17*y - 24*y + 25753 = 0. What is the hundreds digit of y?
6
Let x = -34 - -42. Let v be 7/2*(-3 + x - 3). Suppose -v*d = -d - 534. What is the units digit of d?
9
Suppose 2*i = -3*n + 4184, 2*n + 0*n = 4*i + 2816. Let t = n + -125. What is the thousands digit of t?
1
Let b be (-5 + 2)*85/(-3). Suppose r + 119 = 2*y, -3*y - 667 = 5*r - b. Let g = r + 286. What is the units digit of g?
9
Suppose 354*i + 158171 = 357*i + t, -5*t = 5*i - 263615. What is the units digit of i?
4
Suppose -23*o = 3*w - 28*o - 16526, 5*w - 27466 = -11*o. What is the thousands digit of w?
5
Suppose 4*r - 87236 = -4*d, 14*d - r + 65417 = 17*d. What is the hundreds digit of d?
8
Let w(p) = 74*p**3 + 4*p**2 - 5*p + 1. Suppose 0 = 6*s + 51 - 63. What is the hundreds digit of w(s)?
5
Let n(p) = 32*p + 9. Let i be n(-4). Let w = -113 - i. Suppose 0 = -w*z - 11*z + 1972. What is the units digit of z?
6
Let r(p) = -1759*p + 12569. What is the tens digit of r(6)?
1
Let c(x) = -20*x - 5. Let w = -80 + 202. Let n = w + -128. What is the tens digit of c(n)?
1
Suppose 0 = 3*s + y + 1089, -2*y = 7*s - 2*s + 1815. Let g = 213 - s. What is the hundreds digit of g?
5
Suppose 3*b = -3*q + 193866, b - 12194 = 2*q + 52401. What is the units digit of b?
3
Suppose -26975 + 51511 + 50266 = 7*y. What is the ten thousands digit of y?
1
Suppose -6*z = -3445 - 395. Suppose 0 = 4*w - 0*w + l - z, w + l - 160 = 0. What is the hundreds digit of w?
1
Let z(q) = -2*q**3 + 50*q**2 + 193*q + 57. What is the units digit of z(-13)?
2
Suppose 809 = -3*b + 3*g - 2*g, -2*b - 531 = g. Let q = 408 + b. What is the hundreds digit of q?
1
Let j(b) = -b**2 - 9*b - 17. Let u be j(-7). Let m be ((-35)/(-10))/(u/900). What is the hundreds digit of (0 + 1)/((-3)/(m/2))?
1
Suppose -22*m - 38 = 182. Let r(t) = 31*t - 1. Let p be r(4). Let i = p + m. What is the tens digit of i?
1
Let o = -16 - -19. Suppose 6*c - o*c = 4*m - 3, -5*c - 2*m = -21. Suppose -i = i + 3*p - 104, -c*i - 5*p = -154. What is the units digit of i?
8
What is the hundreds digit of 7 + 8 + 562695/21?
8
Let a = -129 - -141. Suppose 6*g + 1038 = a*g. What is the tens digit of g?
7
Suppose -2*n + 10573 - 2435 = -4*r, -5*n - 4*r = -20303. What is the hundreds digit of n?
0
Let y = 13451 + -7476. What is the thousands digit of y?
5
Suppose -5*x - 5940 = -3*s - 30960, 10024 = 2*x + 2*s. What is the tens digit of x?
0
Let a(p) = -p**3 + 17*p**2 + 17*p + 8. Let d be a(18). Let x = -4 - d. What is the units digit of ((-2)/x)/((-7)/588)?
8
Suppose 0 = -0*q + 13*q - 78. Suppose 0 = q*n - 2141 + 443. Suppose 5*r - 2*r - 407 = 2*b, -b = 2*r - n. What is the units digit of r?
9
Let n(s) = -8*s + 3*s**2 - 2*s**3 - 357 - 8*s + 377. What is the hundreds digit of n(-6)?
6
Let l(d) be the first derivative of -13*d**4/4 + d**3 + 3*d**2/2 + 68. What is the tens digit of l(-3)?
6
Let n = 27689 + -18457. What is the units digit of n?
2
Suppose -2*q - 4*o = 4988, -8*o = 5*q - 6*o + 12462. Let a = -1772 - q. What is the hundreds digit of a?
7
Suppose 4*x = 68*f - 65*f + 2897, -3*f - 9 = 0. What is the hundreds digit of x?
7
What is the ten thousands digit of 0 + (1 - -5) + 107 + 48403?
4
Let m = 241 - 215. Suppose -1596 = -m*f + 20*f. What is the tens digit of f?
6
Let y be (-61334)/(-406) - 2/29. Suppose y*o + 780 = 154*o. What is the tens digit of o?
6
Let w be (13 + -10 + -1993)*2/(-4). Suppose 133 = 3*r - w. What is the units digit of r?
6
Suppose 0 = -41*c - 581451 + 816309 + 770134. What is the units digit of c?
2
Suppose 5*b + q = 5*q - 54, -q + 41 = -4*b. What is the hundreds digit of (1655/3)/(b/(-12))?
6
Suppose 0 = -2*o + 5*b + 93986, -4*o + b + 200756 - 12730 = 0. What is the tens digit of o?
0
Suppose -3 + 123 = 24*q. Suppose -q*z + 3400 = -3*j - 2355, 3447 = 3*z - 3*j. What is the thousands digit of z?
1
Let f(q) = q**3 + 25*q**2 - 41*q - 123. What is the hundreds digit of f(-24)?
4
Let p(v) = 1975*v - 133. Let u be p(3). Suppose u - 975 = 5*x + 4*b, 0 = -2*x - b + 1928. What is the tens digit of x?
6
Suppose 0 = -3*x - 0*x + 9. Let t be (-18)/4*(-1248)/36. Suppose -g + x*i = -t, i + 4*i = 2*g - 310. What is the units digit of g?
0
Let m(i) = 5*i**3 - 5*i**2 - 139*i + 2336. What is the hundreds digit of m(24)?
2
Let t be (6 + -4)*2*25. Suppose -t = -4*v - v. What is the units digit of 1648/v + (-2)/((-30)/9)?
3
Let g(h) = 376*h + 1872. What is the tens digit of g(42)?
6
Let p(q) = 778*q**3 + 178*q**2 - 5*q + 5. What is the units digit of p(3)?
8
Let v(h) = -2005*h**3 - 2*h**2 - 2*h - 7. What is the units digit of v(-2)?
9
Suppose 13 + 43 = 8*a. Suppose 0 = 12*b - a*b - 1170. What is the tens digit of b?
3
Let a(t) = 6*t**3 + 18*t**2 + 11*t - 17. Let s(f) = -5*f**3 - 17*f**2 - 10*f + 16. Let l(k) = -6*a(k) - 7*s(k). What is the units digit of l(11)?
4
Suppose j - 3*j + 6 = 0. Suppose 2*p + 2*b - 34 = 0, -j*p + b + 7 = -24. What is the tens digit of (3/2)/(2/(4 + p))?
1
Let m(v) = 22*v - 11. Let o be (-28)/14*(-14)/4. What is the units digit of m(o)?
3
Let q = -242 - -91. Let m = 41 - q. What is the units digit of m?
2
Let c(j) = -16067*j + 208. What is the ten thousands digit of c(-1)?
1
Suppose 0 = 2*a - 4*w - 14730, -14*a - 3*w + 51640 = -7*a. What is the hundreds digit of a?
3
Let k(w) be the first derivative of 57*w**2 - 2*w + 1. Let m = 3939 + -3937. What is the tens digit of k(m)?
2
Let t be 333/(-18)*218*-1. Suppose 25*y = t + 4942. What is the tens digit of y?
5
What is the units digit of 27888/12 + (1 - -5) + -14?
6
Suppose -9*u + 5280 = 3*u. Suppose 2*h = -2*t + u, -4*h = 2*t - t - 226. What is the tens digit of t?
1
Suppose 0 = -8*b + 43 + 117. Suppose -4*j = j - b. What is the tens digit of (-36)/(j + (2 - 8))?
1
Let g(z) = 2*z**2 + 2*z + 6. Let j(u) = -5*u - 4. Let h be ((-4)/(-12) - -1)*(-3)/2. Let y be j(h). What is the tens digit of g(y)?
9
Let v(p) = -p + 3. Let t(r) = -7*r - 2. Let h(g) = t(g) - 5*v(g). Let w = -18 - -7. What is the units digit of h(w)?
5
Let c(w) = -54*w**2 - 25 + 27 + 130*w**2 - 53*w**2. Let x(d) = -d**2 + 5*d + 1. Let z be x(5). What is the units digit of c(z)?
5
Let v = 5094 - 8571. Let l = -2172 - v. What is the tens digit of l?
0
Let l(z) = -351*z**2 + 16*z - 